**2 - 34*i + 8. Let y(n) = 9*g(n) - 2*q(n). What is y(-4)?
2
Suppose -122*z - 3 = -125*z. Let w be (1 + (-8)/6)/(z/(-3)). Let p(t) = -3*t**3 + t - 1. What is p(w)?
-3
Let g = -2116 - -2119. Let i(z) be the third derivative of 3*z**2 + 1/6*z**g + 0*z + 1/24*z**4 + 0. What is i(-5)?
-4
Let u(r) = -r - 18 + 8*r + 8 + 7 + 4. Determine u(3).
22
Let k(f) be the second derivative of -f**5/60 - 5*f**4/24 + f**3 - 6*f. Let p(m) be the second derivative of k(m). What is p(-5)?
5
Let l(r) be the first derivative of r**4/2 - 3*r**2/2 - r + 10. Suppose -4*k - 4 + 20 = 0. Suppose 5*z + 2 = k*z. What is l(z)?
-11
Let a(o) = -6*o - 11. Let n(y) = 7*y + 5. Let q(r) = 1. Let j(f) = -n(f) - 6*q(f). Let b(v) = 6*a(v) - 5*j(v). Calculate b(-7).
-4
Let z(t) = 2*t - 4*t - 4*t + 6*t - 2 + t. Calculate z(4).
2
Let n(b) be the second derivative of 0 - 14*b - b**2 - 1/6*b**3. Give n(-1).
-1
Let c = 91 + -87. Let v(f) = 5*f + 6. Suppose 13 = -4*q + 1. Let a(p) = -4*p - 5. Let u(m) = q*v(m) - 4*a(m). Calculate u(c).
6
Suppose -3*j - 2*k + 9 = 2*k, k + 38 = 5*j. Let u(t) = -4*t + 25. Let o(r) = 3*r - 17. Let n(q) = j*o(q) + 5*u(q). Let d = -8 + 3. Determine n(d).
1
Let k(o) = 2*o**2 - 2*o - 3. Let j be k(4). Suppose -s - 3*h - 16 = 0, 0 = -4*h + 1 - j. Let d(b) = -7*b + 1. Calculate d(s).
8
Let a(z) be the first derivative of 6 - 3/2*z**2 + 2/3*z**3 + 2*z - 1/12*z**4. Let g(j) be the first derivative of a(j). Give g(5).
-8
Let x(i) = 2*i**2 + 39*i + 26. Let r be x(-19). Let f(u) = 3*u - 6. Calculate f(r).
15
Let j be (-4)/10 + (-141)/(-15). Suppose -14 = -2*c + 2*z, 5*c - 2*z - 2*z - 32 = 0. Suppose c*i = -1 + j. Let q(d) = -d**2 - d. Calculate q(i).
-6
Let z(g) = -g**2 + 46*g - 18 + 0*g**2 - 53*g. Calculate z(-3).
-6
Let x(h) = 3*h + 3. Let w be x(-3). Let f be ((-9)/w)/((-2)/(-4)). Suppose -4*p = -p + f. Let y(g) = 4*g. Give y(p).
-4
Let o(h) = -h**3 + 5*h**2 - 3. Suppose 0 = -4144*z + 4132*z + 60. Determine o(z).
-3
Let r be ((-220)/(-25))/11*10/4. Let f(a) be the second derivative of -a + 0 + 4*a**r - 1/6*a**3. Give f(-6).
14
Let t(u) = u**3 - u**2 - 5*u. Let p be 3 - 1 - (-8 - (5 - 12)). What is t(p)?
3
Let f(y) = -46*y**2 + 15*y**2 + 2*y**3 + 18*y**2 - y**3 + 14*y - 16. Calculate f(12).
8
Let d(f) = -f - 5 - 4 + 4. Let m(q) = -q**2 + 2*q + 4. Let v be m(6). Let g = 14 + v. What is d(g)?
1
Let z(w) = -156 - 161 - w**2 + 321 + 7*w. Calculate z(4).
16
Let q(p) = p**3 + 8*p**2 + 8*p + 6. Let x be (342/133)/((-3)/(-14)). Suppose 5*j + x = -c, 5*c + 0*j + 38 = -3*j. Give q(c).
-1
Let g(v) be the second derivative of v**5/10 - v**4/12 + v**3/6 - v. Suppose 2*r + 2*i = -1 + 9, 4*r = 2*i + 28. Suppose -10 = b - r*b. What is g(b)?
14
Let x = 1241 - 1236. Let v(f) be the first derivative of f**3/3 - 4*f**2 + 7*f + 1. Determine v(x).
-8
Let j(v) = 5 - 3*v + 0 + 3 - 11. Suppose h - 3*m - 18 = 5*h, 0 = 5*h + 3*m + 21. Calculate j(h).
6
Let u = -743 + 739. Let w(x) be the second derivative of -x**5/20 - x**4/3 + x**3/2 + 3*x**2 + x. Determine w(u).
-6
Suppose 4*c - 4*g + 12 = 0, 0 = -2*g + g. Let l(y) = 2*y**2 + 5*y + 2. Give l(c).
5
Let i(o) be the second derivative of -o**5/20 - o**4/12 - o**3/6 + 3*o**2/2 + 443*o. Determine i(2).
-11
Let t(g) = -14*g + 2. Let u(x) = -22*x + 2. Let s(a) = 8*t(a) - 5*u(a). Give s(5).
-4
Let v(q) be the third derivative of -q**5/30 - 3*q**4/8 + q**3 + 271*q**2. Calculate v(-7).
-29
Let o = -2 + 7. Let r(d) be the second derivative of -d**3/6 + 7*d**2/2 - 16*d. Determine r(o).
2
Let k(z) be the second derivative of z**3/2 + z**2 + z. Let t = 1806 - 1809. What is k(t)?
-7
Suppose 0 = r + p - 3 - 1, -3*r + 3*p = 0. Suppose 5*q + 30 = 5*s, 2*s + 7*q - 2*q = -16. Let y(o) = -s + 0*o**r + o**2 - 5*o + 5. What is y(3)?
-3
Let d(j) = -4*j - 10 + 4 - 4. Let y be d(-4). Let c(f) = 0*f - 3*f - y + 0*f + 1 + f**2. Determine c(5).
5
Let f be (5 - (-39)/(-2))/(11/(-154)). Let w be (2 - 0/(-1)) + 0. Let n(g) = -202*g**2 - w + 1 + f*g**2 - 7*g**3. Calculate n(-1).
7
Let g(o) = o**3 - 3*o**2 - o - 4. Let s be 92/20 - 2/(-5). Suppose 0 = s*f - 3*f + 44. Let b = f - -25. Give g(b).
-7
Let a(q) = -8*q**2 - q. Let o(v) = 2*v**2 + 10*v + 8. Let i be o(-7). Let f = i - 31. Suppose j + 0*w - 3 = 4*w, 4*j + 9 = -f*w. Give a(j).
-7
Suppose 2 = -1725*t + 1723*t. Let m(c) = -9*c**2 - 5*c - 3. What is m(t)?
-7
Let i(j) = j**3 - 3*j**2 - 3*j. Let n be (-11)/(209/(-133)) + -3*1. Calculate i(n).
4
Let n(r) = -r**2 + 6*r + 7. Suppose -2*i = 4*u - 6, 0 = 3*i - 0*i + 5*u - 10. Suppose -3*o = 6*a - 3*a - 54, -i*a = -25. Let s = 20 - o. Calculate n(s).
0
Suppose -18 = 5*o - 53. Let q(v) = -v**2 + 7*v - 5. Let d be q(o). Let u(i) = i**2 + 4*i. Calculate u(d).
5
Let s(h) = h**2 - 7*h + 8. Let p(d) = d**2 - 28*d + 33. Let a be p(27). Determine s(a).
2
Let j(m) = 15*m + 18 - 16*m + 6*m. Give j(-8).
-22
Let f(k) = -7*k**3 + k**2 + 3*k + 4. Let a be f(0). Let v(w) = -w**2 - 5*w - 1. Calculate v(a).
-37
Let w = 77 - 76. Let q(v) = 351*v - 6 - 354*v - w. Calculate q(5).
-22
Let x(z) = -3*z**2 + 7*z - 4. Let f(g) = -5 + 2 + 2*g + 5*g - 2*g**2. Suppose -5*c - 7 = -22. Let i(p) = c*x(p) - 4*f(p). Determine i(-5).
10
Suppose -6 = -3*x + 2*t - 2, -3*t = 4*x - 28. Let n(i) = 2*i + x - 8 - i + 9. Calculate n(-6).
-1
Let y(r) = 12 - 159*r**2 - 170*r**2 - 28*r**3 + 328*r**2 - 11. Suppose -4*i - 4 + 0 = 0. Give y(i).
28
Let i = 0 - -20. Suppose 5*o + 5 = -5*a, 4*a + o - 3*o = i. Let z(r) = 2*r + 4. Give z(a).
10
Suppose -3*a - 2 = -4*a. Let m(f) = 0*f + 4 + f**2 + f**a - 3*f. What is m(3)?
13
Let s(j) be the third derivative of j**5/12 + j**4/12 - j**3/6 - 57*j**2. Let r(u) = 2*u - 11. Let d be r(8). Suppose -d = -6*b + b. Determine s(b).
6
Suppose 9*h = 13*h - 12. Let d be 3/1 - (-9)/h. Let w(m) be the first derivative of -m**3/3 + 3*m**2 - 3*m + 1. Calculate w(d).
-3
Let i(s) = 5*s + 5. Suppose 240*k - 248*k - 32 = 0. Give i(k).
-15
Let d be (-12)/78 - (-111)/(-39). Suppose -4*q + 18 = 5*i, 0*i + 2*q - 12 = -4*i. Let x(l) = -1 + 2 + i - 3*l - 1. Determine x(d).
11
Suppose -10 = -4*l + 5*t, 3*l = -3*t - 1 + 22. Let w(c) = 2*c - 5. Determine w(l).
5
Let p(v) = 4*v**2 - 8*v + 5. Suppose -4 = -4*d - 2*y - 18, -y + 11 = -d. Let r(s) = s**2 - s + 1. Let k(i) = d*r(i) + p(i). Determine k(-3).
-13
Let v(t) = t**2 + 2*t + 2. Let o be (1 - 8/6)/((-2)/(-114)). Let l be (-4)/14 - (o/(-7) - 1). What is v(l)?
2
Let i(v) = -3*v + 3. Let k be ((16/14)/2)/((-206)/(-1442)). What is i(k)?
-9
Suppose -33*b + 36 = -31*b. Let w(g) = 15*g + 39. Let o(f) = f + 2. Let v(n) = b*o(n) - w(n). Give v(7).
18
Suppose -2*b = b - 27. Suppose 72*f + 219 = -141. Let h = b + f. Let d(t) = -t**2 + 3*t + 2. What is d(h)?
-2
Let n(a) = 0*a**2 - 4*a - a**2 + 3 + a**2 + 0 + a**3. Let p be (-4)/14*(-14)/2. Determine n(p).
3
Let k(i) = -i**3 - 9*i**2 - 12*i + 19. Let v be k(-8). Let p(c) = -c + 27 + 21 - v. What is p(5)?
-8
Let i(n) = n**2 + 29*n + 6. Let l be 8/20*725/(-10). What is i(l)?
6
Let i be 108/288 + (-6)/(-16). Let x(t) be the first derivative of -t**2 + 1/3*t**3 - 4 + i*t**4 + t. Determine x(1).
3
Suppose 15*u = 3*u + 96. Let z(d) = 2*d. Let l be z(1). Let k(v) = u*v**l - 2 - 7*v**2 + v + 4. Give k(-2).
4
Let o(b) = b**2 + 34*b + 149. Let n be o(-29). Let u(d) = -2*d**3 + 7*d**2 - 5*d - 3. Calculate u(n).
-39
Let i(v) = v - 7. Let n(w) = 8*w + 102. Let k be n(-12). Determine i(k).
-1
Let b(p) = 6*p**2 + 1. Let n be b(1). Suppose 4*f + n = -3*v, -2*v - 5 - 9 = -2*f. Let u(y) = -y + 7. What is u(v)?
12
Let c(n) be the first derivative of n**2 + 3*n - 1. Suppose 6*y - 140 = -y. Suppose -g - 2*b = 4*g + 23, y = -5*b. Determine c(g).
-3
Let n be ((-24)/(-20))/((-15)/(-100)). Suppose t + 2 = -c + 3, -2*t + n = 5*c. Let b(m) = 4 - 1 - 2 - 2*m. Calculate b(t).
3
Let l(s) = -s**2 + 318*s - 327*s - 222 + 233. Determine l(-11).
-11
Let u(w) be the third derivative of -w**5/60 + 7*w**4/24 + 4*w**3/3 + w**2. Let a(g) = g**2 - 2*g - 3. Let n be a(-2). Suppose 7*d - 12 = n*d. What is u(d)?
14
Let x(m) be the second derivative of -m**4/12 - 4*m**3/3 - 9*m**2/2 - 1518*m - 1. Let y = -6 + 13. Suppose 3*i - y = -28. Calculate x(i).
-2
Let g(s) be the third derivative of s**6/120 + s**5/15 - s**4/8 - 2*s**3/3 - 1463*s**2. Suppose -2*o + 1 = 9. What is g(o)?
8
Let t(n) = -2*n + 11. Suppose 0 = 4*g - 5*q - 14 - 29, 0 = -5*g - q + 32. What is t(g)?